ts digit of 72954148?
8
What is the hundred millions digit of 116608564?
1
What is the thousands digit of 1258947143?
7
What is the millions digit of 5416242979?
6
What is the hundreds digit of 5841567?
5
What is the thousands digit of 118763206?
3
What is the thousands digit of 330148378?
8
What is the hundreds digit of 52216386?
3
What is the hundred thousands digit of 33845907?
8
What is the hundred millions digit of 2721684267?
7
What is the billions digit of 1230009300?
1
What is the millions digit of 76356376?
6
What is the hundred thousands digit of 58720469?
7
What is the hundred thousands digit of 17378415?
3
What is the tens digit of 649290210?
1
What is the units digit of 75496780?
0
What is the hundreds digit of 265875731?
7
What is the ten thousands digit of 7431973?
3
What is the millions digit of 1652026287?
2
What is the thousands digit of 537327662?
7
What is the ten thousands digit of 130916345?
1
What is the ten millions digit of 546454656?
4
What is the thousands digit of 156371954?
1
What is the thousands digit of 245384656?
4
What is the tens digit of 1066289622?
2
What is the tens digit of 802930928?
2
What is the units digit of 4339197650?
0
What is the ten millions digit of 330146620?
3
What is the thousands digit of 293971129?
1
What is the ten thousands digit of 5138340482?
4
What is the hundred thousands digit of 48548653?
5
What is the tens digit of 18545716?
1
What is the hundred millions digit of 903267133?
9
What is the units digit of 2242091401?
1
What is the hundreds digit of 3531515332?
3
What is the thousands digit of 121177859?
7
What is the tens digit of 149944840?
4
What is the thousands digit of 2866014?
6
What is the units digit of 1758352803?
3
What is the hundred millions digit of 107940214?
1
What is the units digit of 252227728?
8
What is the millions digit of 2070825528?
0
What is the ten thousands digit of 3074213400?
1
What is the thousands digit of 4148765756?
5
What is the tens digit of 266165466?
6
What is the ten thousands digit of 695709060?
0
What is the units digit of 304222839?
9
What is the ten thousands digit of 518828938?
2
What is the millions digit of 29130740?
9
What is the hundreds digit of 48230377?
3
What is the ten millions digit of 285750979?
8
What is the thousands digit of 1515663391?
3
What is the millions digit of 135101255?
5
What is the billions digit of 1200289164?
1
What is the hundred thousands digit of 540260157?
2
What is the units digit of 1554314793?
3
What is the ten thousands digit of 117589406?
8
What is the hundred millions digit of 148431697?
1
What is the ten thousands digit of 243949705?
4
What is the hundred thousands digit of 201801828?
8
What is the hundred thousands digit of 98417532?
4
What is the ten thousands digit of 60847224?
4
What is the hundred thousands digit of 532905468?
9
What is the millions digit of 66034546?
6
What is the hundred thousands digit of 2143964125?
9
What is the hundred thousands digit of 69852505?
8
What is the ten thousands digit of 1142031950?
3
What is the hundred millions digit of 1524283185?
5
What is the thousands digit of 54213848?
3
What is the units digit of 90009282?
2
What is the units digit of 884481240?
0
What is the units digit of 600686964?
4
What is the thousands digit of 70043599?
3
What is the millions digit of 36655090?
6
What is the hundreds digit of 39485316?
3
What is the hundreds digit of 104600092?
0
What is the units digit of 5000687?
7
What is the millions digit of 17733637?
7
What is the thousands digit of 2924842785?
2
What is the ten thousands digit of 44975862?
7
What is the hundred thousands digit of 25759425?
7
What is the units digit of 234763894?
4
What is the units digit of 28121597?
7
What is the tens digit of 87322946?
4
What is the hundreds digit of 49991083?
0
What is the millions digit of 141047594?
1
What is the tens digit of 1069286401?
0
What is the thousands digit of 3592478816?
8
What is the tens digit of 4179688763?
6
What is the billions digit of 4359134520?
4
What is the units digit of 225760594?
4
What is the thousands digit of 766603392?
3
What is the ten thousands digit of 210842327?
4
What is the tens digit of 53832694?
9
What is the millions digit of 265876952?
5
What is the hundred thousands digit of 129442923?
4
What is the hundred millions digit of 527597443?
5
What is the units digit of 223844456?
6
What is the billions digit of 1702077565?
1
What is the hundred millions digit of 2757482456?
7
What is the units digit of 35118717?
7
What is the units digit of 394463003?
3
What is the ten thousands digit of 38161112?
6
What is the hundred millions digit of 687467911?
6
What is the ten thousands digit of 1200007515?
0
What is the hundred thousands digit of 31258951?
2
What is the millions digit of 965358172?
5
What is the millions digit of 346887524?
6
What is the hundreds digit of 27389683?
6
What is the hundreds digit of 49696202?
2
What is the millions digit of 118185403?
8
What is the ten millions digit of 15722199?
1
What is the hundreds digit of 342519861?
8
What is the hundred thousands digit of 156130194?
1
What is the tens digit of 78730285?
8
What is the ten millions digit of 325968334?
2
What is the hundred thousands digit of 3667597?
6
What is the thousands digit of 37162361?
2
What is the thousands digit of 410408735?
8
What is the ten millions digit of 672147379?
7
What is the tens digit of 6980668124?
2
What is the ten millions digit of 646382819?
4
What is the ten thousands digit of 2879830360?
3
What is the hundred thousands digit of 438486762?
4
What is the units digit of 42921961?
1
What is the millions digit of 1660505890?
0
What is the ten millions digit of 840371365?
4
What is the hundred thousands digit of 186559953?
5
What is the hundred thousands digit of 115545142?
5
What is the ten millions digit of 3344571040?
4
What is the ten millions digit of 1679469133?
7
What is the ten millions digit of 15777924?
1
What is the hundred thousands digit of 225100032?
1
What is the ten thousands digit of 744551825?
5
What is the tens digit of 57294069?
6
What is the hundred millions digit of 107808774?
1
What is the hundred thousands digit of 56542921?
5
What is the hundreds digit of 21243126?
1
What is the hundred thousands digit of 50054724?
0
What is the millions digit of 69069245?
9
What is the tens digit of 441135001?
0
What is the millions digit of 2092849643?
2
What is the millions digit of 63044599?
3
What is the hundred thousands digit of 1187612207?
6
What is the thousands digit of 7603140?
3
What is the ten thousands digit of 2781463020?
6
What is the ten millions digit of 89934220?
8
What is the hundred thousands digit of 392507044?
5
What is the thousands digit of 402430856?
0
What is the hundred thousands digit of 192915183?
9
What is the thousands digit of 2267473833?
3
What is the hundred millions digit of 149397803?
1
What is the ten thousands digit of 22256103?
5
What is the ten millions digit of 6382240473?
8
What is the units digit of 216157016?
6
What is the tens digit of 34302095?
9
What is the hundred thousands digit of 347383519?
3
What is the thousands digit of 44739353?
9
What is the tens digit of 501672605?
0
What is the hundreds digit of 317266460?
4
What is the thousands digit of 443958208?
8
What is the millions digit of 14201810?
4
What is the hundred millions digit of 3051842786?
0
What is the hundred thousands digit of 158420262?
4
What is the hundreds digit of 413171881?
8
What is the hundreds digit of 136132331?
3
What is the units digit of 1118605736?
6
What is the hundred thousands digit of 41075824?
0
What is the hundreds digit of 4811635122?
1
What is the billions digit of 1597693239?
1
What is the hundred thousands digit of 6327378967?
3
What is the tens digit of 2057834157?
5
What is the ten thousands digit of 67732492?
3
What is the ten millions digit of 1771637443?
7
What is the units digit of 8040290?
0
What is the hundred thousands digit of 250580318?
5
What is the millions digit of 3541774731?
1
What is the tens digit of 62510643?
4
What is the hundred thousands digit of 186894552?
8
What is the ten thousands digit of 4994116161?
1
What is the ten thousands digit of 29550372?
5
What is the units digit of 732951